
{"version":"1.0","type":"rich","provider_name":"\u00c0 nous de jouer&nbsp;!","provider_url":"https:\/\/anousdejouer.ch","title":"Randonn\u00e9es pour le climat ","author_name":"Romain","width":"480","height":"295","url":"https:\/\/www.wirmischenmit.ch\/Randonnees-pour-le-climat","html":"\u003Ch4 class='title'\u003E\u003Ca href='https:\/\/www.wirmischenmit.ch\/Randonnees-pour-le-climat'\u003ERandonn\u00e9es pour le climat \u003C\/a\u003E\u003C\/h4\u003E\u003Cblockquote class='spip'\u003ERandonn\u00e9es pour le climat\n\n\u003Cbr \/\u003E \tDurant trois jours, des randonn\u00e9es seront organis\u00e9es dans toute la Suisse afin de rappeler au Conseil f\u00e9d\u00e9ral la volont\u00e9 populaire et de demander des mesures ambitieuses en faveur du climat.\n\n\u003Cbr \/\u003E \tHoraires et lieu\n\n\u003Cbr \/\u003E \t18 sept. 2026, 08:00 \u2013 20 sept. 2026, 17:00\n\n\u003Cbr \/\u003E\tSuisse, Suisse\n\n\u003Cbr \/\u003E \tSur cet \u00e9v\u00e9nement\n\n\u003Cbr \/\u003E \tL\u2019Association suisse pour la protection du climat invite la population \u00e0 marcher pour demander une politique climatique \u00e0 la hauteur des objectifs fix\u00e9s.&nbsp;(...)\u003C\/blockquote\u003E\n"}

À nous de jouer&nbsp;!

Randonnées pour le climat

<h4 class='title'><a href='https://www.wirmischenmit.ch/Randonnees-pour-le-climat'>Randonnées pour le climat </a></h4><blockquote class='spip'>Randonnées pour le climat

<br /> 	Durant trois jours, des randonnées seront organisées dans toute la Suisse afin de rappeler au Conseil fédéral la volonté populaire et de demander des mesures ambitieuses en faveur du climat.

<br /> 	Horaires et lieu

<br /> 	18 sept. 2026, 08:00 – 20 sept. 2026, 17:00

<br />	Suisse, Suisse

<br /> 	Sur cet événement

<br /> 	L’Association suisse pour la protection du climat invite la population à marcher pour demander une politique climatique à la hauteur des objectifs fixés.&nbsp;(...)</blockquote>
